ase 9, what is 31 + 24566432?
24566463
In base 9, what is -1 - -53402511?
53402510
In base 13, what is 5 - -1562229?
1562231
In base 14, what is -35743 + 359?
-353c8
In base 15, what is 2c55 + -1e169?
-1b414
In base 12, what is -8a6 + -147?
-a31
In base 7, what is -2000 - -54324?
52324
In base 13, what is -4 - 13a18b?
-13a192
In base 5, what is -3203022434 + 0?
-3203022434
In base 7, what is 10055 + 6100?
16155
In base 2, what is -10010100001100110 + 10000111?
-10010011111011111
In base 10, what is -3 + 189965512?
189965509
In base 8, what is -1013221 - -257?
-1012742
In base 14, what is 69d + 9134?
97d3
In base 16, what is 8664a6 - -5?
8664ab
In base 12, what is 2a4126 + 14?
2a413a
In base 14, what is -a36d + 77b?
-99d2
In base 15, what is -8 - -487b0a7?
487b09e
In base 16, what is 10003 - -252?
10255
In base 13, what is 7606908 - -2?
760690a
In base 10, what is 3 + -5646126?
-5646123
In base 9, what is -235561 - 156?
-235727
In base 14, what is -8122db - -2?
-8122d9
In base 7, what is 3 - -153614305?
153614311
In base 9, what is -3154017 + 27?
-3153880
In base 2, what is -1100010000 + -11001011110?
-100101101110
In base 7, what is -1255515436 - 0?
-1255515436
In base 11, what is 6889774 - -18?
6889791
In base 14, what is 3 - -1011637?
101163a
In base 3, what is 2122222 + -1121022212?
-1111122220
In base 6, what is -1133 + -55512231?
-55513404
In base 3, what is 11000111022121 - 22?
11000111022022
In base 7, what is 25562 - -30245?
56140
In base 14, what is 5b55d27 - -13?
5b55d3a
In base 16, what is 106 + 20d49?
20e4f
In base 5, what is -134 + 241304001?
241303312
In base 12, what is -6 - -23a5407?
23a5401
In base 14, what is -9d260 + -2c2?
-9d542
In base 2, what is -1010110010011010100010 + -11001101?
-1010110010011101101111
In base 11, what is 1822762 + -14?
1822749
In base 2, what is 1000010001101010110 - -10001101101?
1000010011111000011
In base 9, what is 403 - 16130?
-15626
In base 10, what is -4545 - -365?
-4180
In base 13, what is 73b9448 - -4?
73b944c
In base 12, what is 333a2 - -b5?
33497
In base 3, what is 0 + 2002020210211102?
2002020210211102
In base 6, what is 11 - 150152403?
-150152352
In base 8, what is -3 - 416676323?
-416676326
In base 8, what is 177 + 10201?
10400
In base 12, what is 3 - -388599a?
38859a1
In base 7, what is 4230360 - 64?
4230263
In base 13, what is 3235 - -32?
3267
In base 14, what is -2654d89 - -4?
-2654d85
In base 4, what is -20 + -202233202013?
-202233202033
In base 16, what is 3 + -63905c?
-639059
In base 6, what is 1 + 30111234?
30111235
In base 6, what is 213512153 - 4?
213512145
In base 2, what is 11110000001000110111 - 1?
11110000001000110110
In base 13, what is 1b64 + -14ca?
667
In base 10, what is 571878265 - 2?
571878263
In base 10, what is 6 + 2655637?
2655643
In base 3, what is -20220 + 2220201201122?
2220201110202
In base 14, what is -161 + 20b?
8a
In base 7, what is -12021 - -105141?
63120
In base 8, what is 10 - -1045375?
1045405
In base 8, what is 204274735 - -5?
204274742
In base 16, what is 24 - -8b436?
8b45a
In base 14, what is -3497 - -8398?
4d01
In base 6, what is -305112020 - 135?
-305112155
In base 10, what is 337 - 62668?
-62331
In base 10, what is -74 + -191701?
-191775
In base 3, what is -101101220120121 - 110?
-101101220121001
In base 5, what is -24 - 32032043400?
-32032043424
In base 16, what is 1 + -237c61?
-237c60
In base 10, what is 1195744 - 3?
1195741
In base 3, what is 1200222202102 + 2100?
1200222211202
In base 14, what is 211b - -9aa?
2ac7
In base 13, what is -225871b - 4?
-2258722
In base 6, what is 1250250531 - -2?
1250250533
In base 14, what is 83 + -10b0c92?
-10b0c0d
In base 6, what is -150 + -1254033?
-1254223
In base 15, what is 887ec - 50?
8879c
In base 3, what is -1220122102010 - 11?
-1220122102021
In base 2, what is -1001 - 1011101010110000011?
-1011101010110001100
In base 7, what is 22213 - 443125?
-420612
In base 4, what is 12101313233 + 1212?
12101321111
In base 16, what is -2e - ac8a?
-acb8
In base 9, what is -35750 + -11106?
-46856
In base 11, what is 1064 - -1615a6?
16265a
In base 10, what is -49944 - 6536?
-56480
In base 11, what is -2a70259 - 0?
-2a70259
In base 15, what is -29 - 26738?
-26762
In base 10, what is -55889098 + -1?
-55889099
In base 12, what is 6 + -4433511?
-4433507
In base 8, what is 4 - 1435267413?
-1435267407
In base 4, what is 3323031033231 + -21?
3323031033210
In base 4, what is 12311310 + -33?
12311211
In base 15, what is 118b - d13?
378
In base 10, what is -39456 - -798?
-38658
In base 11, what is -19 + -545492?
-545500
In base 16, what is -1e5 - 14b8?
-169d
In base 4, what is 2112120 + -203231?
1302223
In base 15, what is 3d5 + -501a?
-4b35
In base 10, what is 412260999 - 5?
412260994
In base 11, what is -328a - 4519a?
-48479
In base 15, what is -115 - -196d?
1858
In base 13, what is 118b059 - 4?
118b055
In base 10, what is 2692225 - 2?
2692223
In base 16, what is -484 - 3e12?
-4296
In base 6, what is 0 - -20525542010?
20525542010
In base 16, what is -915b - 14aa?
-a605
In base 2, what is 10010111001000001101 + -1?
10010111001000001100
In base 3, what is -12121202000001100 - -10?
-12121202000001020
In base 16, what is -78 - -568eb?
56873
In base 14, what is 500616 - 39?
5005bb
In base 6, what is 14115 + -12223431?
-12205312
In base 10, what is 15174391 - 3?
15174388
In base 12, what is 11 - -423811?
423822
In base 4, what is -11110213201 - -10?
-11110213131
In base 5, what is -101001021430 + 13?
-101001021412
In base 8, what is -15 + -35122?
-35137
In base 8, what is -31 + -453047?
-453100
In base 10, what is 10958 + -576?
10382
In base 14, what is 79729b3 + 5?
79729b8
In base 14, what is -8ba4 + 236?
-896c
In base 10, what is -2 - 9927410?
-9927412
In base 2, what is -10000010000 + -10111110000111110010?
-10111110011000000010
In base 13, what is 290 - -267501?
267791
In base 13, what is -70961 + -5b?
-709bc
In base 3, what is 10010 + 2200201122202?
2200201202212
In base 16, what is 1 + -eedaba?
-eedab9
In base 11, what is -1363815 - 0?
-1363815
In base 7, what is 1303450 + -156?
1303261
In base 10, what is 31 - 3896666?
-3896635
In base 4, what is -133003231 + -1121?
-133011012
In base 16, what is -19d + 234?
97
In base 8, what is -6 - -21445414?
21445406
In base 8, what is 207112 - 1447?
205443
In base 13, what is -8cc55 - 18?
-8cc70
In base 13, what is -3736 - -1136?
-2600
In base 15, what is 69ae06 + 1e?
69ae25
In base 3, what is -10 - -110120200122?
110120200112
In base 3, what is 1212002 - 1001012?
210220
In base 2, what is -1000111111010010000001 + -110111?
-1000111111010010111000
In base 15, what is -11287 + 2b93?
-d5e4
In base 10, what is -3 - 52172230?
-52172233
In base 14, what is 2 + 1c086d2?
1c086d4
In base 10, what is -9181512 + 5?
-9181507
In base 14, what is 40a - 42?
3a8
In base 11, what is 12 + -6300572?
-6300560
In base 11, what is -59 + -3026?
-3084
In base 6, what is 2102143 - -105152?
2211335
In base 9, what is -528 + 22246?
21617
In base 4, what is -12321232 + -131?
-12322023
In base 5, what is -14130102211 - -2?
-14130102204
In base 14, what is -cb9acd8 - 0?
-cb9acd8
In base 15, what is 5b1713 - 14?
5b16ee
In base 5, what is -11334 + -12013203?
-12030042
In base 2, what is -101011 - -1000000011011101?
1000000010110010
In base 5, what is 2 + -204021131301?
-204021131244
In base 6, what is -302051355 + -444?
-302052243
In base 4, what is -213120220013 - 32?
-213120220111
In base 13, what is 0 + 58301ca?
58301ca
In base 4, what is 22113 - -30331130?
31013303
In base 12, what is 27534 + 2434?
29968
In base 16, what is -1cb97 - -de?
-1cab9
In base 14, what is 2 - -876095?
876097
In base 13, what is 1 + -a960a1?
-a960a0
In base 6, what is -11532130 - 21?
-11532151
In base 16, what is 54e8fb + 19?
54e914
In base 14, what is -7 + -32a6546?
-32a654d
In base 6, what is -24 + -1423135051?
-1423135115
In base 15, what is -93ab64 + 7?
-93ab5c
In base 6, what is 130125 - -1141?
131310
In base 5, what is -1242143411032 - -1?
-1242143411031
In base 9, what is -2 - 144554532?
-144554534
In base 13, what is 27830 - 170?
27690
In base 4, what is 1013 + 202132112030?
202132113103
In base 15, what is -77 - 380a?
-3882
In base 8, what is -72 - -610006?
607714
In base 2, what is 0 - -110110011110100001010110?
1101100111101000